 is the greatest common factor of 1550 and 564975?
775
What is the greatest common factor of 12 and 395844?
12
What is the highest common divisor of 582840 and 320?
40
Calculate the greatest common factor of 44 and 1588334.
22
What is the highest common divisor of 132 and 626292?
12
Calculate the highest common divisor of 40500 and 53055.
405
Calculate the greatest common factor of 1020 and 391272.
204
Calculate the greatest common factor of 560 and 5936.
112
What is the highest common divisor of 2252 and 212?
4
What is the greatest common divisor of 30597 and 6944?
217
Calculate the highest common divisor of 1664 and 192.
64
What is the greatest common divisor of 67020 and 60?
60
What is the highest common divisor of 26288 and 1240?
248
Calculate the highest common divisor of 690 and 388815.
345
What is the highest common divisor of 396 and 149094?
198
What is the greatest common factor of 651210 and 266?
14
What is the greatest common divisor of 26418 and 19425?
777
Calculate the greatest common factor of 48 and 25088.
16
Calculate the greatest common divisor of 144214 and 14.
14
Calculate the greatest common factor of 56142 and 12.
6
Calculate the greatest common divisor of 9944 and 4312.
88
Calculate the greatest common divisor of 3262 and 26.
2
Calculate the greatest common divisor of 1298 and 3481.
59
Calculate the highest common factor of 496428 and 492.
492
What is the highest common factor of 85274 and 224?
14
Calculate the greatest common factor of 201354 and 1776.
222
Calculate the highest common divisor of 15570 and 810.
90
What is the highest common factor of 27723 and 12?
3
Calculate the greatest common divisor of 7557 and 1155.
33
What is the highest common factor of 642 and 753387?
321
Calculate the highest common factor of 1273 and 2641.
19
What is the greatest common divisor of 4401 and 18?
9
Calculate the highest common factor of 1176 and 33369.
147
Calculate the greatest common divisor of 65649 and 1659.
237
What is the greatest common divisor of 146131 and 29?
29
What is the highest common divisor of 539 and 12837?
11
Calculate the greatest common factor of 185 and 275095.
185
Calculate the greatest common divisor of 233475 and 300.
75
Calculate the greatest common divisor of 2631 and 381.
3
What is the highest common divisor of 3160 and 4490?
10
What is the greatest common factor of 7786 and 1870?
34
Calculate the greatest common divisor of 15 and 418745.
5
Calculate the highest common divisor of 11802 and 798.
42
Calculate the greatest common divisor of 42 and 544614.
42
Calculate the greatest common divisor of 7 and 58170.
7
What is the highest common divisor of 502020 and 30?
30
What is the greatest common factor of 207 and 4692?
69
Calculate the highest common factor of 5159 and 1463.
77
What is the greatest common divisor of 30 and 236370?
30
What is the highest common factor of 52445 and 680?
85
Calculate the greatest common divisor of 57 and 73131.
57
What is the greatest common divisor of 151515 and 75?
15
What is the highest common divisor of 27053 and 26?
13
Calculate the greatest common divisor of 516 and 95804.
172
Calculate the highest common factor of 10 and 614455.
5
Calculate the highest common divisor of 8346 and 1877208.
642
What is the greatest common factor of 309 and 6?
3
Calculate the highest common factor of 3496 and 4142.
38
Calculate the greatest common divisor of 191581 and 13.
13
Calculate the highest common divisor of 246 and 12990522.
246
Calculate the highest common divisor of 45666 and 21948.
354
What is the greatest common divisor of 3597 and 770957?
1199
What is the highest common factor of 35 and 26105?
5
What is the greatest common factor of 477 and 2915?
53
Calculate the greatest common divisor of 4040823 and 213.
213
Calculate the highest common factor of 110 and 905.
5
What is the greatest common divisor of 70720 and 94860?
340
Calculate the greatest common factor of 4314 and 1135301.
719
Calculate the greatest common divisor of 80 and 18040.
40
What is the highest common factor of 352080 and 450?
90
What is the greatest common factor of 88 and 2470908?
44
Calculate the greatest common divisor of 26768 and 236.
4
Calculate the highest common divisor of 17010 and 2955.
15
What is the highest common factor of 63 and 178269?
21
Calculate the highest common factor of 140127 and 390.
39
What is the highest common divisor of 69100 and 400?
100
What is the highest common divisor of 408 and 9622?
34
Calculate the highest common factor of 954 and 1326537.
477
What is the greatest common factor of 289158 and 2?
2
What is the greatest common factor of 2145 and 5850?
195
Calculate the greatest common factor of 2446 and 1234.
2
What is the greatest common factor of 185932 and 4730?
86
What is the greatest common factor of 4780314 and 18?
18
What is the highest common divisor of 2441746 and 806?
62
Calculate the greatest common factor of 244 and 1167479.
61
What is the greatest common divisor of 165 and 30085?
55
What is the highest common divisor of 9758 and 1708798?
574
What is the greatest common factor of 14144 and 223808?
832
Calculate the highest common divisor of 281904 and 192.
48
Calculate the greatest common factor of 2460 and 18444.
12
Calculate the highest common divisor of 52254 and 162.
18
Calculate the greatest common divisor of 33 and 3542.
11
What is the highest common divisor of 15862 and 2310?
154
Calculate the highest common divisor of 409461 and 39.
39
What is the greatest common divisor of 4400 and 4600?
200
Calculate the greatest common divisor of 1232 and 37499.
77
What is the greatest common factor of 28932 and 156?
12
What is the greatest common factor of 445723 and 314?
157
What is the highest common divisor of 91 and 837109?
91
What is the greatest common factor of 16184 and 184?
8
What is the greatest common factor of 46 and 894562?
46
Calculate the highest common divisor of 712 and 77608.
712
Calculate the highest common divisor of 182 and 16919.
7
Calculate the greatest common factor of 4 and 1762004.
4
Calculate the greatest common divisor of 54 and 8166.
6
Calculate the greatest common factor of 728 and 23400.
104
Calculate the greatest common factor of 21 and 910182.
21
Calculate the highest common divisor of 374 and 27467.
11
Calculate the highest common factor of 237566 and 3479.
497
What is the greatest common factor of 4592 and 154?
14
What is the greatest common factor of 75159 and 27?
9
What is the highest common divisor of 376 and 379384?
376
What is the highest common divisor of 16336 and 129667?
1021
What is the highest common factor of 1290 and 1166590?
430
Calculate the highest common divisor of 436 and 2459476.
436
Calculate the greatest common factor of 282 and 137757.
141
What is the highest common factor of 275 and 40100?
25
Calculate the highest common factor of 918 and 211446.
306
What is the highest common divisor of 149821 and 17?
17
Calculate the highest common factor of 1806 and 22680.
42
What is the greatest common divisor of 344876 and 4?
4
What is the greatest common factor of 1094291 and 2915?
583
What is the greatest common factor of 130 and 20707960?
130
What is the highest common divisor of 208 and 7345?
13
Calculate the greatest common divisor of 21554 and 451805.
829
What is the highest common divisor of 51591 and 435?
87
Calculate the greatest common divisor of 60 and 6340.
20
What is the greatest common divisor of 3 and 78417?
3
Calculate the greatest common factor of 52477 and 679.
97
What is the greatest common factor of 1242 and 202?
2
Calculate the highest common factor of 13688 and 348.
116
Calculate the highest common factor of 19 and 18449.
19
What is the highest common factor of 2040560 and 345?
115
What is the highest common factor of 14789 and 744594?
643
Calculate the highest common divisor of 7514 and 624.
26
What is the greatest common divisor of 2 and 7066?
2
Calculate the greatest common divisor of 788182 and 5464.
1366
Calculate the highest common divisor of 22560 and 405.
15
What is the highest common divisor of 72 and 26298?
18
Calculate the greatest common factor of 1352 and 464.
8
What is the greatest common divisor of 150 and 88625?
25
What is the highest common factor of 14 and 84399?
7
Calculate the highes